 45 a factor of 2475?
True
Does 283 divide 37639?
True
Is 6273 a multiple of 14?
False
Does 9 divide 413?
False
Is 16660 a multiple of 34?
True
Is 17319 a multiple of 23?
True
Does 93 divide 2046?
True
Is 45 a factor of 405?
True
Is 7262 a multiple of 174?
False
Is 45918 a multiple of 48?
False
Is 3843 a multiple of 21?
True
Is 1123 a multiple of 10?
False
Is 1385 a multiple of 16?
False
Is 14 a factor of 30506?
True
Does 47 divide 235?
True
Is 34 a factor of 2164?
False
Is 167 a multiple of 21?
False
Does 8 divide 20?
False
Does 73 divide 20732?
True
Is 49 a factor of 784?
True
Is 23312 a multiple of 31?
True
Is 24960 a multiple of 78?
True
Is 6 a factor of 290?
False
Is 22 a factor of 19096?
True
Is 52758 a multiple of 88?
False
Does 96 divide 1646?
False
Is 2 a factor of 93?
False
Is 96849 a multiple of 27?
True
Is 218 a multiple of 10?
False
Is 85 a factor of 10880?
True
Is 2069 a multiple of 41?
False
Is 10771 a multiple of 6?
False
Is 9255 a multiple of 28?
False
Is 13 a factor of 3718?
True
Is 7 a factor of 544?
False
Is 4 a factor of 1598?
False
Is 35 a factor of 3535?
True
Does 4 divide 2399?
False
Is 52 a factor of 468?
True
Is 15 a factor of 187?
False
Is 68 even?
True
Is 1218 even?
True
Does 12 divide 2437?
False
Does 23 divide 7455?
False
Is 3 a factor of 9031?
False
Does 13 divide 15678?
True
Does 5 divide 20248?
False
Is 8 a factor of 360?
True
Is 13 a factor of 1187?
False
Does 35 divide 1770?
False
Is 4038 a multiple of 2?
True
Does 15 divide 271?
False
Is 122 a factor of 6121?
False
Is 35 a factor of 14525?
True
Is 31040 a multiple of 80?
True
Is 4900 a multiple of 50?
True
Is 119886 a multiple of 318?
True
Is 56 a factor of 3035?
False
Does 14 divide 104?
False
Is 34 a factor of 98090?
True
Does 147 divide 13818?
True
Is 11594 a multiple of 11?
True
Does 107 divide 3317?
True
Is 7 a factor of 19102?
False
Does 14 divide 290?
False
Is 11286 a multiple of 27?
True
Does 37 divide 15318?
True
Is 35840 a multiple of 28?
True
Is 24 a factor of 3608?
False
Does 3 divide 2481?
True
Does 31 divide 6517?
False
Does 37 divide 773?
False
Does 51 divide 27285?
True
Is 19 a factor of 39216?
True
Is 6 a factor of 1710?
True
Does 107 divide 4598?
False
Does 11 divide 652?
False
Is 622 a multiple of 28?
False
Does 14 divide 1778?
True
Does 221 divide 36907?
True
Is 256 a multiple of 2?
True
Is 162 a multiple of 3?
True
Is 150 a factor of 16366?
False
Is 9 a factor of 280?
False
Is 52 a factor of 2288?
True
Is 112 a multiple of 4?
True
Is 13 a factor of 2089?
False
Is 147343 a multiple of 36?
False
Does 31 divide 496?
True
Does 45 divide 485?
False
Is 621 a multiple of 10?
False
Does 131 divide 17030?
True
Is 16 a factor of 3424?
True
Is 15 a factor of 42375?
True
Is 32 a factor of 864?
True
Is 12 a factor of 873?
False
Is 13 a factor of 58?
False
Is 15 a factor of 1080?
True
Does 71 divide 59072?
True
Does 21 divide 4350?
False
Is 145 a multiple of 5?
True
Is 38 a factor of 2926?
True
Does 7 divide 15153?
False
Does 13 divide 451?
False
Is 308 a multiple of 17?
False
Does 16 divide 37?
False
Does 38 divide 20824?
True
Is 4200 a multiple of 10?
True
Is 7685 a multiple of 265?
True
Is 610 a multiple of 7?
False
Does 38 divide 2546?
True
Is 12306 a multiple of 10?
False
Is 7 a factor of 68?
False
Is 230 a multiple of 6?
False
Is 56 a factor of 8904?
True
Is 3648 a multiple of 24?
True
Is 34 a factor of 1660?
False
Is 22311 a multiple of 201?
True
Is 3 a factor of 1611?
True
Does 15 divide 1185?
True
Does 11 divide 118?
False
Is 1044 a multiple of 12?
True
Is 795 a multiple of 53?
True
Does 121 divide 9196?
True
Is 117 a factor of 585?
True
Does 115 divide 28491?
False
Is 634 a multiple of 15?
False
Is 20 a factor of 20920?
True
Is 1036 a multiple of 37?
True
Is 16 a factor of 15022?
False
Is 343 a factor of 116620?
True
Is 2244 a multiple of 68?
True
Is 11391 a multiple of 8?
False
Does 3 divide 109?
False
Does 13 divide 1157?
True
Is 426 a multiple of 6?
True
Is 8866 a multiple of 10?
False
Is 333 a multiple of 56?
False
Is 14 a factor of 17892?
True
Is 2057 a multiple of 31?
False
Does 17 divide 1428?
True
Is 2216 a multiple of 8?
True
Does 12 divide 34453?
False
Is 15 a factor of 240?
True
Is 82 a factor of 2363?
False
Does 131 divide 26724?
True
Is 56277 a multiple of 39?
True
Is 5 a factor of 23706?
False
Is 4 a factor of 86?
False
Is 17160 a multiple of 33?
True
Does 73 divide 39420?
True
Does 15 divide 768?
False
Is 13136 a multiple of 16?
True
Is 45 a factor of 72745?
False
Is 1181 a multiple of 12?
False
Does 22 divide 264?
True
Is 29154 a multiple of 86?
True
Is 10 a factor of 262?
False
Does 25 divide 443?
False
Is 208 a multiple of 60?
False
Is 13 a factor of 1651?
True
Is 1014 a multiple of 13?
True
Is 216 a multiple of 6?
True
Is 2193 a multiple of 17?
True
Is 644 a multiple of 23?
True
Does 45 divide 24300?
True
Is 12 a factor of 1548?
True
Is 5 a factor of 1361?
False
Does 5 divide 472?
False
Is 5 a factor of 1111?
False
Is 11 a factor of 2112?
True
Is 123 a multiple of 41?
True
Does 81 divide 8823?
False
Is 39455 a multiple of 6?
False
Does 10 divide 1088?
False
Is 154 a multiple of 11?
True
Is 3736 a multiple of 24?
False
Does 77 divide 1001?
True
Is 3 a factor of 7089?
True
Is 3 a factor of 116?
False
Is 4 a factor of 765?
False
Does 63 divide 494?
False
Is 473 a multiple of 43?
True
Is 13 a factor of 525?
False
Is 1063 a multiple of 21?
False
Does 29 divide 406?
True
Is 192 a factor of 89155?
False
Is 349 a factor of 150435?
False
Is 200 a factor of 17427?
False
Is 98989 a multiple of 11?
True
Does 10 divide 7110?
True
Is 178 a factor of 24455?
False
Does 20 divide 8272?
False
Is 13 a factor of 41114?
False
Is 16362 a multiple of 2?
True
Does 67 divide 2546?
True
Does 3 divide 178?
False
Is 2 a factor of 207?
False
Does 76 divide 2038?
False
Is 16 a factor of 535?
False
Does 97 divide 308?
False
Does 23 divide 1397?
False
Does 4 divide 18035?
False
Is 68560 a multiple of 10?
True
Does 14 divide 850?
False
Is 34400 a multiple of 200?
True
Is 29 a factor of 72782?
False
Is 6 a factor of 1218?
True
Does 30 divide 7470?
True
Is 1427 a multiple of 4?
False
Does 10 divide 88169?
False
Does 18 divide 2314?
False
Is 6 a factor of 684?
True
Is 9 a factor of 4248?
True
Is 294 a multiple of 21?
True
Is 2 a factor of 7968?
True
Is 19 a factor of 13068?
False
Is 117 a factor of 9828?
True
Does 14 divide 29008?
True
Is 10134 a multiple of 9?
True
Is 10 a factor of 2940?
True
Does 37 divide 444?
True
Does 49 divide 587?
False
Does 68 divide 7412?
True
Is 25 a factor of 250?
True
Is 1161 a multiple of 27?
True
Is 4284 a multiple of 18?
True
Is 9460 a multiple of 44?
True
Does 16 divide 37840?
True
Is 106 a factor of 7709?
False
Is 298 a multiple of 14?
False
Is 15 a factor of 2940?
True
Is 4 a factor of 9581?
False
Is 32 a factor of 58396?
False
Is 20 a multiple of 2?
True
Does 83 divide 4391?
False
Is 976 a multiple of 4?
True
Is 1190 a multiple of 34?
True
Is 6 a factor of 120?
True
Does 58 divide 350?
False
Does 44 divide 89144?
True
Does 10 divide 6260?
True
Is 2824 a multiple of 37?
False
Is 58 a factor of 2757?
False
Does 30 divide 14040?
True
Is 16 a factor of 26994?
False
Does 3 divide 2409?
True
Does 3 divide 2264?
False
Is 36260 a multiple of 185?
True
Is 15661 a multiple of 32?
False
Does 13 divide 3127?
False
Does 22 divide 1870?
True
Is 14304 a multiple of 4?
True
Is 711 a multiple of 9?
True
Does 19 divide 3361?
False
Is 528 a multiple of 44?
True
Is 1508 a multiple of 29?
True
Is 210 a multiple of 2?
True
Is 5920 a multiple of 13?
False
Is 810 a multiple of 45?
True
Does 18 divide 2217?
False
Is 8640 a multiple of 144?
True
Is 658 a multiple of 30?
False
Is 42 a factor of 2436?
True
Is 125 a multiple of 5?
True
Does 26 divide 1820?
True
Is 2725 a multiple of 5?
True
Does 90 divide 6660?
True
Is 5909 a multiple of 19?
True
Is 9 a factor of 270?
True
Is 13422 a multiple of 169?
False
Does 22 divide 9416?
True
Does 59 divide 110129?
False
Does 21 divide 920?
False
Does 87 divide 5133?
True
Is 567 a multiple of 97?
False
Does 54 divide 386?
False
Is 15 a factor of 3300?
True
Is 1080 a multiple of 18?
True
Does 16 divide 12587?
False
Is 30 a factor of 4662?
False
Is 9038 a multiple of 44?
False
Is 114601 a multiple of 10?
Fal